{"id":340,"date":"2010-06-19T18:56:21","date_gmt":"2010-06-19T18:56:21","guid":{"rendered":"http:\/\/wp.kastenmaier.de\/"},"modified":"2022-04-22T12:38:21","modified_gmt":"2022-04-22T11:38:21","slug":"impressum","status":"publish","type":"page","link":"https:\/\/www.kastenmaier.de\/?page_id=340","title":{"rendered":"Impressum"},"content":{"rendered":"<h1 style=\"text-align: left;\"><strong>Verantwortlich f\u00fcr die Inhalte&nbsp;<\/strong><strong>(gem\u00e4\u00df&nbsp;\u00a7 5 TMG und&nbsp;nach \u00a7 55 Abs. 2 RStV)<\/strong><\/h1>\n<p>Ragnar Kastenmaier<br \/>\nAm Zehnthof 15<br \/>\nD-44143 Dortmund<\/p>\n<p>E-Mail: kontakt3@infobase.kastenmaier.de<\/p>\n","protected":false},"excerpt":{"rendered":"<p>Verantwortlich f\u00fcr die Inhalte&nbsp;(gem\u00e4\u00df&nbsp;\u00a7 5 TMG und&nbsp;nach \u00a7 55 Abs. 2 RStV) Ragnar Kastenmaier Am Zehnthof 15 D-44143 Dortmund E-Mail: kontakt3@infobase.kastenmaier.de<\/p>\n","protected":false},"author":3,"featured_media":0,"parent":0,"menu_order":0,"comment_status":"closed","ping_status":"closed","template":"","meta":{"ngg_post_thumbnail":0,"footnotes":""},"class_list":["post-340","page","type-page","status-publish","hentry"],"jetpack_shortlink":"https:\/\/wp.me\/P5LyzC-5u","jetpack_sharing_enabled":true,"_links":{"self":[{"href":"https:\/\/www.kastenmaier.de\/index.php?rest_route=\/wp\/v2\/pages\/340","targetHints":{"allow":["GET"]}}],"collection":[{"href":"https:\/\/www.kastenmaier.de\/index.php?rest_route=\/wp\/v2\/pages"}],"about":[{"href":"https:\/\/www.kastenmaier.de\/index.php?rest_route=\/wp\/v2\/types\/page"}],"author":[{"embeddable":true,"href":"https:\/\/www.kastenmaier.de\/index.php?rest_route=\/wp\/v2\/users\/3"}],"replies":[{"embeddable":true,"href":"https:\/\/www.kastenmaier.de\/index.php?rest_route=%2Fwp%2Fv2%2Fcomments&post=340"}],"version-history":[{"count":19,"href":"https:\/\/www.kastenmaier.de\/index.php?rest_route=\/wp\/v2\/pages\/340\/revisions"}],"predecessor-version":[{"id":2370,"href":"https:\/\/www.kastenmaier.de\/index.php?rest_route=\/wp\/v2\/pages\/340\/revisions\/2370"}],"wp:attachment":[{"href":"https:\/\/www.kastenmaier.de\/index.php?rest_route=%2Fwp%2Fv2%2Fmedia&parent=340"}],"curies":[{"name":"wp","href":"https:\/\/api.w.org\/{rel}","templated":true}]}}